f/10) prime?
True
Let b be (-8)/(2 + -3) - -2. Let j be (4 - (-21)/6)*b. Let n = j + 88. Is n composite?
False
Let r(t) = 1149*t**2 + 11*t - 49. Is r(6) a prime number?
True
Let j(o) = -3*o + 1. Let d be j(0). Let s be (d + 5)*(44 - 8). Suppose -p = -s - 553. Is p prime?
True
Let c(o) = -o**3 - 18*o**2 - 17*o + 14. Let u be c(-17). Is (-4*2228)/(-8)*u/4 a composite number?
True
Let i(d) = 18*d - 17. Let p be i(-3). Let s = 110 + p. Is s composite?
True
Suppose -5*c + 21980 = 5*n, 0 = -4*c + 7*n - 4*n + 17549. Is c composite?
False
Suppose -5*z = -53 - 42. Suppose -3*r + 7 = z. Let g = 10 - r. Is g a composite number?
True
Suppose -39 - 171 = -6*i. Let y = i + 2. Is y a prime number?
True
Suppose 31*p - 37*p = -28614. Is p prime?
False
Let u(h) = 19*h - 15. Let i = 28 - 17. Is u(i) composite?
True
Suppose -z + 10 - 8 = 0. Let n(d) = -11*d + 0*d**2 + 14 + 2*d**z - 39 - d**2. Is n(19) a prime number?
True
Let s be 27/(-18)*32/(-3). Let y(o) = o - 7. Let j be y(s). Suppose j*x - 10*x + 53 = 0. Is x composite?
False
Let h(w) = w**3 - 13*w**2 + 12*w + 2. Let t be h(12). Suppose 5*v + 1633 = t*j, 2*v + 0*v + 6 = 0. Is j a composite number?
False
Suppose -3391 = -6*v - 505. Is v a composite number?
True
Suppose -5*h + 4*p + 3495 = 0, 688 = -4*h + 3*p + 3483. Is h a prime number?
False
Let g = 168 + 80. Let q = g + 470. Suppose -5*a = -7*a + q. Is a a composite number?
False
Let s(w) = 247*w + 3. Suppose 0*m - 4*m + 12 = 0. Let c be s(m). Suppose 3*j - 2403 = -c. Is j prime?
False
Let b(v) be the third derivative of 229*v**4/24 - 5*v**3/2 - 4*v**2. Is b(2) a prime number?
True
Suppose 3*k + 3 = -18. Let b be 14/k*(-2)/4. Is 370/(b/2*4) a composite number?
True
Suppose 10 = 3*w + 2*w. Suppose w*j = 3*j - a - 10, -3*a = 3*j - 6. Is ((-75)/j - -3)*-14 composite?
True
Let s(k) = 3*k**2 + 3*k + 67853. Is s(0) a prime number?
True
Suppose -890*a + 210413 = -883*a. Is a prime?
True
Let k = 2958 + -1847. Is k prime?
False
Let y be (5 + 1)*8/16. Let f = -54 - -51. Is 892 + -5 + y + f composite?
False
Suppose 0 = 3*l + 54 - 2364. Let s = l + -361. Is s a prime number?
True
Let g = -4894 - -8948. Is g composite?
True
Suppose -2*n + 37 = n - 5*m, -3*n + 4*m + 32 = 0. Suppose -816 = -3*h + 2*t + 1405, -3*h + n*t + 2225 = 0. Is h a composite number?
False
Let j = -28 - -26. Let v be ((-932)/12)/(j/6). Let r = -148 + v. Is r prime?
False
Let i(r) = r**2 + r - 2. Let g be i(-2). Let j = g + -1. Is (-308)/(-3) + j/(-3) a composite number?
False
Let w(j) = -j + 19. Let l be w(9). Is ((-395)/l)/((-2)/12) a prime number?
False
Let o(y) = 23*y - 1. Let t be o(1). Is 4/t + (-687)/(-33) + 5 prime?
False
Let u = 5707 + 414. Is u a prime number?
True
Let q be (270/24)/3 - 12/16. Let f = -286 - -499. Suppose -150 = -q*d + f. Is d a composite number?
True
Let g(y) = y**3 + 11*y**2 + 3*y + 4. Let o = 5 + -11. Let r be g(o). Suppose 0*q + 2*q = r. Is q prime?
True
Let u(h) = 12*h**2 - 19. Let g(p) = 6*p**2 - 10. Let w(n) = -5*g(n) + 3*u(n). Let q = 165 + -170. Is w(q) prime?
False
Let g = 1633 + 2020. Is g prime?
False
Suppose -n + 6 + 0 = 0. Suppose -80 = -2*c - n. Is c a composite number?
False
Suppose 3 = -2*x + 3*j + 18, x + 2*j = 4. Is (844/x)/(2/3) composite?
False
Let q be (1018/(-3))/((-24)/(-36))*-1. Suppose 1049 + q = 3*c - f, -2*f = -10. Is c a composite number?
False
Let j(y) = -y**3 + 50*y + 33. Let i be j(7). Suppose -5*h = -3*h - 3*m - 24, -26 = -3*h + 2*m. Is 3*(i/h - -2) prime?
False
Suppose s = 11*s - 4220. Let y = s - -723. Is y a composite number?
True
Suppose -2*c - 4 = -4*c. Suppose 0*r - 5 = r, f - c*r - 37 = 0. Suppose -96 = -m + f. Is m prime?
False
Let u be 334/14 + (-9)/(-63). Suppose -5*j + 3*l + 59 - u = 0, 5*j = l + 25. Suppose -4*t + j*d = -2668, 5*t + 5*d - 388 = 2967. Is t prime?
False
Let o be (-3)/2*(-11)/((-264)/(-32)). Suppose o*c - 1953 = c - 5*x, -8 = 2*x. Is c composite?
False
Let k(p) = 175*p**2 - p + 3. Let w be k(2). Suppose 5*u = -5*n - w + 1691, 3*n = -5*u + 982. Is u a prime number?
False
Let l = 2319 - -580. Is l a prime number?
False
Let r(u) = 23*u**3 + 3*u**2 - 7. Let x = -64 - -67. Is r(x) a prime number?
True
Suppose -7745 = -2*a - 3*a + 5*g, a - 1549 = 4*g. Suppose -2*y - 5*u = 2*y - a, -4*u + 390 = y. Is y prime?
False
Suppose -4 - 2 = 3*k. Let t be (2 + k/2)*53. Let s = -32 + t. Is s prime?
False
Let j be 2/8 + (-1084)/(-16). Let q = 219 + j. Is q a composite number?
True
Suppose -5*i + 3*h + 4143 = 0, 2*i + 3*i = 4*h + 4139. Is i prime?
False
Let v(k) = 673*k - 218. Is v(9) a prime number?
True
Suppose f - 5882 - 23085 = -3*j, 0 = 5*j - 10. Is f composite?
False
Suppose 2*o - 2794 = 3*p - 4*p, 5568 = 2*p - o. Suppose -13*q = -11*q + 10. Is 5*q/((-50)/p) prime?
False
Suppose 9*i + 1310 = 4*i. Let w = 421 + i. Is w a composite number?
True
Let v be 5/(-1 - (0 - 2)). Let i(u) = -15*u**2 - 6. Let d be i(v). Is (12 - -4)/(-4) - d prime?
False
Suppose -1415 = -2*h - 335. Suppose -p = -251 - h. Is p a composite number?
True
Let i = 1683 + 44288. Is i composite?
False
Let c = 40 - 29. Suppose -3*w - 2 = -c. Suppose 4*t - w*u = 2*u + 1027, -3*t = 2*u - 753. Is t a prime number?
False
Suppose -5*y + 3*a = -13 - 1, 4*y - 3*a = 10. Suppose -y*p = -2*p - 12. Suppose 3*x - 3 = b + 3, -p = -3*b + x. Is b a prime number?
True
Let u(k) = -72*k - 17. Let g be u(-9). Suppose y - g = 3*h, -h = -y + 554 + 77. Is y a prime number?
True
Let j = 73 + -53. Is 4*(398/j)/(8/20) composite?
False
Suppose -h + 2*c - 2 = 0, h + 3*c - c = 2. Let p(o) = o**2 + 2*o + 679. Let f be p(h). Suppose 0*b = 2*b - y - f, 5*y - 1660 = -5*b. Is b a composite number?
False
Suppose -s = 2*i + 278, 0 = -3*s + 3*i - 4*i - 834. Let n = 397 + s. Is n a prime number?
False
Suppose -3*s + 1294 + 1007 = 0. Suppose 3472 = 5*p + s. Is p a prime number?
True
Let i(p) = 5*p**3 + 2*p**2 - 2*p + 3. Let j(t) = -t**2 - 6*t + 2. Let x(w) = 3*w**2 + 17*w - 5. Let g(a) = 11*j(a) + 4*x(a). Let b be g(-2). Is i(b) composite?
False
Let o be 2*(-6)/(24/(-4774)). Suppose 3*i = -2*f + o, -2*i = -3*f - 1356 - 244. Is i prime?
True
Let h(k) = k**3 - k**2 + 2*k + 6818. Let z be h(0). Suppose -3*o + z = -o. Is o composite?
True
Let k = -16685 - -11148. Let g = 8356 + k. Is g composite?
False
Let a = 107 + -227. Let f = -65 - a. Is f a composite number?
True
Let j(f) be the second derivative of 113*f**5/20 + 2*f**3/3 - 5*f**2/2 + 11*f. Is j(2) a composite number?
False
Suppose -8*g + 127431 = 4*y - 13*g, 0 = 5*y - 5*g - 159290. Is y a composite number?
False
Suppose 4*u - 18 = 74. Suppose 340 = a + u. Is a a composite number?
False
Suppose 4*z - 3*b = 8, 10 + 2 = 3*b. Let w(k) = -31*k**2 + 19*k - 9. Let f(t) = 15*t**2 - 9*t + 5. Let s(r) = 9*f(r) + 4*w(r). Is s(z) a composite number?
True
Suppose 10*r = 158 + 62. Is 2/11 + 15022/r a prime number?
True
Let n = 2003 - 1374. Is n prime?
False
Let x(y) = 41*y**2 - y - 2. Let g be x(2). Suppose 2*h - 960 + g = 0. Suppose 4*c = -3*o + 561, 3*o + 5*c - h = 164. Is o a prime number?
False
Suppose h + 4*i + 7 = -1, -h + i = -7. Suppose -h*p + 463 + 157 = -2*m, 0 = -4*p + 3*m + 616. Is p prime?
True
Let y be 2/5 + (-58106)/(-85). Let q = y + 888. Suppose 6*n - 2*n = q. Is n a prime number?
False
Suppose 11*q = 15*q - 12196. Is q a prime number?
True
Suppose 2*v = 2*h + 28438, -h = -4*v + h + 56868. Is v prime?
False
Let d = 1985 - 516. Let s = d + -698. Is s prime?
False
Suppose -2 = 2*a - 3*a. Suppose -x = -a*x - 2. Is x/(-4)*(27 - 13) composite?
False
Let r = 5133 - 10961. Let g = -2317 - r. Is g prime?
True
Let i = -7 + 14. Suppose -3*j + i*g - 2*g = -659, 5*g = -5*j + 1045. Is j a composite number?
True
Suppose k = 5 - 1. Suppose 2*y = -v + 21 + 160, -935 = -5*v - k*y. Is v a composite number?
False
Let n(g) = -g**3 + g**2 - g + 4. Let j be (-6)/21 + 8/28. Let c = j - 3. Is n(c) a composite number?
False
Let m = 312 + -49. Is m a composite number?
False
Let o(c) = -17*c + 13. Let u = -42 - -28. Is o(u) prime?
True
Suppose -c + 119 = -5*v, -2*v + 3*v = -5*c - 29. Is v/(-30) - (15252/(-10) - -3) composite?
False
Let y(l) = -62*l**3 - 4*l**2 + 9*l - 1. Let o(s) = -s**3. Let k(w) = o(w) - y(w). Is k(3) prime?
True
Is (-213)/284 + (-56295)/(-4) composite?
True
Let y be 1 + -3 + -5 + -1. Let n be y*((-9)/6 - -1). Suppose 5*w + 4*c - 3297 = 3*c, 2644 = n*w 